 - 4. Let t(v) = v**3 + 111*v**2 - 115*v**2 + 5 - 3. Determine t(c).
-7
Let n(i) be the first derivative of -i**4/4 - 2*i**3 - 5*i**2/2 + 8. Let k be n(-5). Suppose -5*v + 2*v + 18 = k. Let g(j) = j + 2. Calculate g(v).
8
Suppose -64 = -4*f + 36. Let q(h) = -3*h**2 + 9*h + 2*h**2 + f - 18. Determine q(9).
7
Let s(k) be the third derivative of k**6/120 - k**5/60 - 7*k**3/6 + 2*k**2. Let q = -11 + 11. Determine s(q).
-7
Let n(v) be the third derivative of 1/24*v**4 + 2*v**2 + 0*v + 0 + 1/2*v**3. Let k be (4 - -1)*(-144)/240. Calculate n(k).
0
Let b = -106 - -100. Let x(r) = r**3 + 7*r**2 + 6*r + 9. Calculate x(b).
9
Let r(x) = 4 - 5 + 7*x + 14*x**3 - 8*x - 9*x**3. Calculate r(2).
37
Let i(h) = h - 11. Let k(d) = -2 + 2 + d. Let z be (12/(-42) - 2/(-7))/(-1). Let g be k(z). Calculate i(g).
-11
Let k = -2 + -5. Let f = -5 - k. Let q(j) = j**2 + 2. Let p(u) = -u**2 - u - 1. Let z(l) = f*q(l) + 3*p(l). Calculate z(-4).
-3
Let f(j) be the third derivative of -j**5/60 - j**4/3 + 18*j**2. Calculate f(-5).
15
Let s(d) = d**2 + 4*d - 4. Let l(m) = -m**2 - 4*m + 4. Let p(q) = -5*l(q) - 6*s(q). Calculate p(-5).
-1
Let x(c) be the second derivative of -c**3/6 - c**2/2 - 62*c + 2. Determine x(-2).
1
Let d(v) = -2*v + 7. Let q be -3 + (3 - 6) - (-12 + 2). Determine d(q).
-1
Let y(z) = -5 + 6 - z - 4. Let q(j) = j + 5. Let w(r) = -5*q(r) - 8*y(r). Give w(3).
8
Let a(b) be the first derivative of -2*b**3 + b**2/2 + 419. What is a(1)?
-5
Let f(t) = -6*t + 6*t - 2*t + t + 8. Calculate f(5).
3
Let d(r) = r**2 - 7*r + 6. Let x(o) = -o**2 + 8*o - 6. Let u be x(7). Let j be 35/21 + u/3. Suppose z - 15 = -j*z. Calculate d(z).
-4
Let u be (4/(-6))/(12/18). Let w(q) be the third derivative of 0*q**3 - 2*q**2 + 5/12*q**4 + 0 + 0*q. Calculate w(u).
-10
Let p(h) be the third derivative of h**4/8 + h**3/3 - h**2. Let b(s) = s - 2. Let g = -12 + 11. Let z be b(g). Determine p(z).
-7
Suppose -3 = -2*y + 11. Let z = 10 - y. Let i(t) = -3*t - 1 + 1. What is i(z)?
-9
Suppose 34 - 110 = 38*g. Let i(d) = 8*d + 4. Give i(g).
-12
Let c(d) = -d**3 - 7*d**2 + d - 8. Let m(q) = -24*q - 31. Let n be m(-1). Give c(n).
-15
Let k(x) = 2*x + 12. Let u be k(19). Let w(q) = -10 - 14*q + u*q - 19*q - 15*q. What is w(7)?
4
Let d(x) = -5*x**3 - 30*x**2 - x - 11. Let y(p) = -p**2 - 68*p - 486. Let l be y(-8). Calculate d(l).
-5
Let h(t) = 135*t**2 + t - 1 + 2 - 131*t**2. Let n(f) = f**3 - 2*f**2 - 2*f - 1. Let c be n(-1). Calculate h(c).
15
Let c(x) = 1 + 1 - 4 + 24*x**2 - 25*x**2 - 8*x. Let y(p) = 8*p - 44. Let d be y(5). What is c(d)?
14
Let y(t) = -3*t**2 + 6*t + 5. Let d(z) = z**2 - 10*z - 26. Let c be d(12). Let g(m) = -m**2 + 3*m + 2. Let l(k) = c*y(k) + 5*g(k). Calculate l(-5).
10
Let i(c) = 11*c - 1. Suppose -5*y + 2*v - v = 5, -y + 3 = -v. What is i(y)?
-23
Let r(q) = -q**2 + 18*q - 5. Suppose -344*c - 459 = -371*c. Give r(c).
12
Let s = -25 + 41. Let y = 15 - s. Let q(o) = -4*o + 1. Calculate q(y).
5
Let a(k) = k - 9. Let b(h) = h**2 + 6*h + 3. Let q be b(-6). Let u be 10/(-3)*(-12)/10. Suppose 4*j = -q*v + 6, -5*j + 3*v + 2 = u*v. Determine a(j).
-9
Let j(o) be the third derivative of 13*o**4/12 - o**3/3 + 2*o**2 + 166*o. Give j(-2).
-54
Let g(k) be the third derivative of 1/2*k**4 + 1/2*k**3 + 0*k - 13/60*k**5 + 1/120*k**6 + 24*k**2 + 0. Calculate g(12).
3
Let m = -81 + 171. Suppose 85 = d + m. Let n(f) = -f**3 - 5*f**2 + f. Calculate n(d).
-5
Let w(s) = -s + 1. Let t be w(2). Let j(d) = 2*d + 1. Let v(m) = 2*m**2 + 14*m + 7. Let f be v(-6). Let k(p) = p. Let h(l) = f*k(l) - j(l). Determine h(t).
6
Let j(k) = k**3 - 4*k**2 - 5*k - 6. Let t be 2/4*(-1 - -1). Suppose -5*o + 138 + 87 = 5*a, 3*o - a - 123 = t. Let z be o/(-28)*20/(-6). Determine j(z).
-6
Let h(r) be the first derivative of 11*r**5/60 + r**4/12 - r**3/6 + 9*r**2 + 27. Let n(v) be the second derivative of h(v). Give n(1).
12
Let u(t) be the second derivative of -t**4/12 - t**3/6 + 3*t**2/2 + 20*t. Let r(w) = w**2 - 1. Let f be r(-1). Give u(f).
3
Let y(g) = 8*g**3 - g**2 + g + 2. Let d = -2521 + 2520. Give y(d).
-8
Let f be ((-9)/(-9))/(1/13). Suppose 2*w - 1 = -2*b + 3*w, 4*b + f = 5*w. Let a(k) = -5*k**2 - k**2 + 2*k - 2*k**3 + 1 + k**b. Determine a(-6).
-11
Let n(x) be the second derivative of x**3/6 + 2*x**2 - 7*x. Let b be (-7)/((-28)/(-8)) - 2. Let h = b - -7. Calculate n(h).
7
Let w(y) be the first derivative of -y**4/4 + 5*y**3/3 + 4*y**2 - 5*y + 10. Let n be w(6). Let g(r) = 10 - 5*r - 6*r + 8*r. Give g(n).
-11
Let r(f) = 3*f - 7. Let o be r(5). Let q(x) = -12*x - 13. Let n(b) = 5*b + 5. Let a(c) = 5*n(c) + 2*q(c). Determine a(o).
7
Let h(s) = -s**2 + 2*s + 2. Let j be -3*(-2 + 26/3). Let p be (j/(-15))/((-4)/6). Let c be 4*(p/4 - 0). Give h(c).
-6
Let k(m) = -9*m + 7. Let f(u) = -14*u + 11. Let l(z) = -5*f(z) + 8*k(z). Let n = 4 + -8. Determine l(n).
9
Let c(z) = z**2 + 2*z - 3 - 1 + 3. Let p(h) = 3*h + 15. Let m be p(-4). Suppose -s = -4*j - 6 - 4, 2 = -4*j - m*s. Give c(j).
-1
Let j be -1 + 2 + 3*1. Let b(c) = -98999 + 0*c**2 + 99003 - 4*c + c**2. Determine b(j).
4
Let l = -21 - -24. Let b be l/5*(12 - 7). Let a(m) = -m + 6. Calculate a(b).
3
Let g(x) = 3*x + 31. Let b(u) = 2*u + 20. Let l(d) = 8*b(d) - 5*g(d). Let f = 11 + -7. What is l(f)?
9
Let d(t) = -t**3 - t**2 - 4*t. Suppose 71*g = 58*g - 39. Give d(g).
30
Let r = -3 - -7. Let x(y) be the second derivative of -y**5/30 + 7*y**4/24 - 2*y**3/3 - 9*y**2/2 + 3*y. Let f(c) be the first derivative of x(c). Give f(r).
-8
Let u(v) = -3*v - 13. Let l(g) = 3*g + 7. Let f(z) = 3*l(z) + 2*u(z). Give f(0).
-5
Let c = 9 - 6. Let s(a) = -3*a + a + 4*a**2 + c - 2 + a**3. Suppose -29 + 24 = 5*r, 5*p - 2*r + 18 = 0. Determine s(p).
9
Let r = -11 - -17. Suppose -r*z + 5 = -z. Let p(m) = 3 + m - 2 - m**3 - 2*m. Calculate p(z).
-1
Let z(v) = -v**2 + 4*v - 3. Let u be -6*((-12)/9 + 5/15). What is z(u)?
-15
Let y(p) = 0*p - 1 + 16*p - 6*p + 0*p. Suppose 3*q = 0, 2 = -2*v - 3*q - 0*q. What is y(v)?
-11
Let s = -119 - -109. Let d(t) = -t**2 - 10*t. What is d(s)?
0
Let j(z) = 2*z + 9. Suppose 5*k + 5*f = 50, -k - 3*f + 0 + 16 = 0. Determine j(k).
23
Let b(y) = -13*y + 6. Let x be 3*(-2 - 23/(-3)). Let v(d) = -29*d - 11*d + x + 2*d. Let z(k) = 17*b(k) - 6*v(k). What is z(1)?
7
Let f(c) = -3*c - 2. Suppose w + 4*o = 18 + 1, -2*o = 2*w - 14. Suppose -4 + 8 = -w*q - b, 0 = 2*q + 3*b - 9. What is f(q)?
7
Let r be (0 + -1)/(9 - 8). Let b be (r - -1)/(4 + -2). Let k(c) = -3*c - c + b*c. Calculate k(4).
-16
Let q(u) = -34*u**2 + u + 1. Suppose 6*s + 4*m - 15 = 5*s, -3*s - 2*m = -5. Give q(s).
-34
Let f(h) be the first derivative of h**2/2 - h + 682. What is f(1)?
0
Let v = -409 - -414. Let r(m) be the third derivative of -1/24*m**4 - 9*m**2 + 0*m - 1/6*m**3 + 0 - 1/120*m**6 - 1/12*m**v. What is r(-5)?
4
Let t(j) = -9*j + 1. Let g be t(-1). Let h = 11 - g. Let p(o) = 3*o**2 - 3 + h + 0. What is p(2)?
10
Suppose -3*v + 5*v + 10 = 0, 4*n - 2*v - 22 = 0. Let g(x) = -4*x + 3. Calculate g(n).
-9
Let a(l) = -16*l**2 + 5*l - 4. Let q(g) = 14*g**2 - 5*g + 4. Let w(t) = -6*a(t) - 7*q(t). Determine w(3).
-7
Let z be ((-84)/10)/(-3) + 9/45. Suppose -5 = -z*r - 2. Let u(b) = -6*b + 1. What is u(r)?
-5
Let z be 3*((-31)/(-6) + (-70)/28). Let r(j) = j**3 - 8*j**2 - 2*j + 10. What is r(z)?
-6
Suppose -5*t = -4*n + 7 - 27, 0 = -5*t + 5*n + 20. Let c(v) = -4*v - 1703 + 850 + 850. Determine c(t).
-19
Let c(i) = -11*i - 11. Let k(j) = -14*j - 10. Let q(t) = 3*c(t) - 2*k(t). Give q(-10).
37
Suppose -3 - 3 = k. Let a(r) be the first derivative of r**6/360 + 7*r**5/120 + r**4/3 + 10*r**3/3 - 3. Let h(v) be the third derivative of a(v). What is h(k)?
2
Suppose 0 = -43*c + 24*c + 95. Let f(m) = m**2 - 8*m - 1. Suppose 4*y = 2*y - 6. Let v(j) = 3*j**2 - 23*j - 2. Let g(z) = y*v(z) + 8*f(z). What is g(c)?
-2
Let y(k) be the first derivative of -5*k**3/3 - 7*k**2/2 - 4*k - 19. Let d(a) = 8*a**2 + 14*a + 8. Let r(p) = 3*d(p) + 5*y(p). Determine r(6).
10
Let k(y) be the first derivative of -y**4/8 + 7*y**3/6 - 13*y**2 - 22. Let h(q) be the second derivative of k(q). What is h(5)?
-8
Suppose -a = -t + 5*t + 10, 0 = a - 3*t - 11. Let i(b) = 43 + b + 0*b - 39 + 2*b**a + b**3. What is i(-3)?
-8
Let f be ((-1905)/(-1016))/(3/16). Let z(n) = -n**2 + 11*n + 5. Give z(f).
15
Let u(w) = 3*w + 0*w**3 + 2*w**3 + 5*w**3 - 2 -